0 + 1 - (-1 + 4 + 6)).
34
What is the value of 7 + (35 + -24 + -22 - -92)?
88
Calculate -8 + 2 + 2 - (1353 + -1368) - (-109 + -12).
132
Evaluate 54 + (-101 - -9) + -86.
-124
-58 + (-1 + -1 + 8 - -8) - -9
-35
Calculate 55 + -1 + (249 + -33 - 172).
98
Evaluate 7 - (-56 - (-6 + -22)).
35
Evaluate 81 + (1 - 2) - ((36 - 38) + -27 - -17).
92
Evaluate 84 + -37 + -56 - -64.
55
27 - -3 - (188 + -161 - (47 - 13))
37
What is 14 + (-3 - (16 - -74)) + 22?
-57
What is -2 + -12 - (-17 + (-40 - -99) + -92)?
36
Calculate -43 - (17 + -20 + -12 + 14).
-42
Calculate (-14 - -7) + -14 + (-9 - -40) + -2.
8
What is the value of 82 - 66 - (1 + -21 - -19)?
17
What is the value of 0 + 69 + (-661 - -678) + (-12 - 2)?
72
What is the value of -41 + -5 + 21 - -148?
123
Evaluate -68 - (38 + (16 - 38) + -21 - 13).
-50
What is 101 + (140 - 161 - -15)?
95
Evaluate 32 + (-13 - -51) + -99.
-29
What is the value of 70 - 41 - -15 - (2 + (1 - 2))?
43
What is the value of 5 - (85 - 61 - (-16 + 3))?
-32
What is -53 + 126 + -32 - 95?
-54
Calculate (7 - 11 - (-39 + 30)) + -17.
-12
Evaluate (-1 - 18) + 36 + (-18 - -5).
4
-9 - (15 - (20 - (33 - 8)))
-29
Evaluate -28 + -20 + 67 - 4 - 81.
-66
0 - -1 - (19 + 2 + -1 + -7)
-12
-35 + 5 + (20 - 19) - -7 - -8
-14
(-135 - -31) + 58 + -1 + 3
-44
Calculate -10 + 16 + (-40 - -9) + 95.
70
What is 13 - 12 - (68 + -17)?
-50
What is the value of 7 + -15 + 23 + -20 + 11?
6
Calculate 79 - 43 - (8 + -17).
45
Evaluate 16 - (-3 + (17 - 5) + -15 + 83).
-61
What is the value of -32 - (-54 + -46 + 53)?
15
What is the value of (0 - 21) + 301 + -264 + -10 - 112?
-106
4 + -4 - (-2 + 0 + 24) - (3729 - 3740)
-11
Calculate (0 + 3 + -1 - -3) + (166 - 146 - 6).
19
Evaluate -84 + (-80 - -228 - 71).
-7
What is 31 + (-42 - -72) + -4?
57
What is 14 + 12 + 11 + -2 - (8 - 7)?
34
What is the value of (-8 - -42) + -32 + (3 - 5) + -4 + 11?
7
What is the value of (-188 + 97 - -183) + -101?
-9
What is the value of -41 - 0 - ((-17 - 16) + 17 - 0)?
-25
-161 - -103 - -116 - 77
-19
What is the value of (251 + -123 - 176) + 24?
-24
Calculate -28 + -15 + 1 + (477 - 476).
-41
-42 + -2 + (-944 - -971)
-17
-25 + (30 - (5 - 23 - 49))
72
Evaluate 40 - (-8 - (-9 + -2 - (33 + -38))).
42
What is the value of 8 + 19 + -18 + 60 + -43?
26
What is -45 - ((7 - 22 - -7) + 9 - 14)?
-32
Calculate -56 + -3 - -6 - (-37 + 37 - 1).
-52
-16 + -9 + 6 + -17 + -7
-43
What is -19 + 12 + -18 + (475 - 591)?
-141
Evaluate (-64 + 9 - -48) + -1 + 3 + 2.
-3
75 + -29 - (41 - 30)
35
What is (1 - -34) + 2027 + -2015?
47
Calculate -61 + 45 - (0 + -11 - (-34 - -24)).
-15
Evaluate 26 + -16 - 27 - (-125 + -39).
147
16 - (-41 - (-121 - -35))
-29
-44 + (64 - 7) - (0 - 34)
47
Calculate -64 - (35 - 69) - -29.
-1
Calculate -49 + 6 - (21 + -41 + 6 - -11).
-40
What is 11 + 10 - (-153 + 195)?
-21
What is 7 + 0 - (1 - -2 - (-3734 - -3857))?
127
Calculate 4 - -62 - (1864 + -1765).
-33
Evaluate (10 - 3) + -2 + 38 + (-20 - 33).
-10
Calculate 19 + (-32 + 28 - -8 - 29).
-6
What is the value of (-5700 - -5813) + (2 - 27 - 1)?
87
Evaluate -11 - (-13 - (-8 + 5 + (-49 - 11))).
-61
Calculate 63 - ((-30 - -92) + -72 + 10 + 1).
62
Evaluate (2 + -1 - -76) + (-101 - -7 - (1016 - 1107)).
74
What is (18 - (-16 - (-39 - 6))) + 12?
1
What is the value of -16 - (0 + -11 + -14) - 4?
5
What is 0 + (-11 + 23 - 7 - 2) - 0?
3
Calculate 6 + (25 - 111) + 4 + -5 + -2.
-83
Evaluate (-2 + -32 + -5 - (26 - 39)) + 4.
-22
What is -6 + 14 + (1 + 0 - 4) - (56 - -4)?
-55
Evaluate 8 + -19 + -1 + -2 + 25 + 0 + 82.
93
Evaluate (19 - 0) + (-47 + 53 - (-1 + 2)).
24
Evaluate (206 - 206) + (-3 + 3 - (59 - 4)).
-55
Calculate (-36 - (-11 - 34)) + 34 + -3.
40
Evaluate (18 - -5) + -26 + 36 - 92.
-59
What is 26 - -16 - ((2 - -2) + 15 + (-2 - 14))?
39
What is the value of (2 + (1 - 0) - -3) + -113 + (-64 - -141)?
-30
What is the value of 4 + 18 - (10 + 43 + -43)?
12
Evaluate (4 - 1) + (-5 - -8) - (36 + -96 + 94).
-28
What is the value of -48 + (-24 - -37) - -91?
56
Evaluate 125 - (46 + (3 - (18 - 1)) - 17).
110
(6 - -7) + -393 + 452
72
Calculate (-8 - -14) + 2 + -6 + -10 - -11.
3
What is the value of 82 - 3 - (-1972 - -2034)?
17
40 - 49 - ((0 - 16) + 14)
-7
-12 + 15 + -4 + -11 + 20 + -96
-88
What is (-8 + 31 - (-60 + 21)) + 38?
100
What is -56 - -111 - (-5 - (0 - 3) - (27 - 26))?
58
What is the value of 60 + -19 + 12 + -5?
48
What is the value of (-2 - -4) + -2 + 19 - (-191 - (-120 - 69))?
21
Evaluate (22 - (24 + -78)) + 34 + -50.
60
-11 - (4 - (2 + 9)) - (8 + 36)
-48
What is the value of (-4 - -1) + 5 + -18 + (286 - 219)?
51
What is the value of -2409 + 2416 + (-1 - 2)?
4
What is the value of (-6 - ((-1 - 1) + 2)) + (711 - 701) - 8?
-4
Evaluate 4 + 2 + 1 + 0 - (138 - 112).
-19
Calculate (70 - (19 - 23)) + (-49 - -49).
74
Evaluate 0 + 30 - (-27 + 23 + -9) - 0.
43
Calculate -17 + -69 + 7 - -1 - (-15 - -1).
-64
-5 + (-11 - (9 - 17 - 16)) + 57
65
Calculate (-5 - 6) + -8 + -43 + 12 + -5.
-55
What is the value of -19 - -29 - (16 + -24) - 21 - 89?
-92
Calculate -188 + 187 - (-16 + -1 + (-8 - 3) + 7).
20
What is 120 + 13 - (-31 + 226)?
-62
What is the value of 99 + -17 + 5 + (-1 - 5)?
81
Calculate 12 + 1 + -2 - (212 + (291 - 530)).
38
0 - (60 - (18 + -34 + (17 - -1)))
-58
What is 520 + -506 - (6 - (-5 + 4))?
7
What is -17 + -35 + (-12 + 21 - -8)?
-35
Calculate -5 + -1 + 13 + 21 + 22 + -16.
34
What is -9 + (8 - 2 - (4 + -19 + 16) - -4)?
0
What is the value of -11 + (5 - (-11 + (-5 - (-10 + -1)))) - -21?
20
Calculate (15 - 8) + 1 + -57 + (-37 - -69).
-17
What is the value of 1611 + -1625 - (-17 + 0) - -13?
16
Evaluate 78 + (50 + -25 - (-66 - -43)).
126
What is -4 + -24 + -13 + 0 + -14 + 18 + -4?
-41
Evaluate (11 - 14) + 0 - -21 - 52.
-34
Evaluate -13 + 0 - (-185 + 41 + 17 + 18).
96
(-10 + -4 + 61 - (-2 + 0)) + -6
43
What is the value of 70 + -27 + 126 + -159?
10
Evaluate 11 + -9 + 9 + 1 - (6 + 41).
-35
Evaluate (-422 - -439) + (7 + (4 - 8) - -2).
22
Calculate -32 + 10 + 13 - (-24 - 30).
45
What is -174 - (-101 + -53 + 80)?
-100
What is (-32 + 2 - (222 - 209)) + 18?
-25
What is the value of 63 + 1 + 11 + -17 + (-7 - 3 - -9)?
57
What is 44 + -43 + (2 - (8 - -2)) + -12 + -8?
-27
What is the value of -3 - ((-2 - 57) + 3 - (21 + -13 + -10))?
51
Calculate 21 - (8 - 60 - -36).
37
Evaluate (1207 - 1274) + -1 + 0 + 27.
-41
What is (10 + 6 - -10 - (-34 - -15)) + 1?
46
6 - -12 - ((4 + 0 - 5) + 53)
-34
What is the value of 50 + (-52 + 43 - (11 + -6))?
36
What is 109 - (88 + (72 - 140))?
89
(-5547 - -5776) + -1 + -104
124
-11 - (36 + -5 + -34) - (1 + -12)
3
Calculate 2 + -1 + -5 + 9 + -32 + 14.
-13
(-12 - ((-36 - 89) + 39)) + (1 - -12 - 0)
87
Evaluate (2 - 125) + (-1556 - -1767).
88
32 - (137 - (5 + 93))
-7
What is the value of (0 + -2 - (-18 - (57 - 35) - -34)) + 5?
9
What is the value of (12 - (-13 + -38)) + -6 + 11 + -6 + 7?
69
Evaluate 0 - 9 - (11 - -57) - (14 - (6 - 6)).
-91
Evaluate (-21 - -33) + -17 - -16 - (-6 - -71).
-54
Calculate 81 - 55 - (111 - 0 - 13).
-72
15 + -7 + (-4 + 16 - (-3 - -1))
22
What is 266 + -185 - (60 - -17)?
4
Evaluate (-17 - (51 + -72)) + 3 + 2 - (-10 + -1).
20
55 - (30 + -29 + 38) - (108 - 3)
-89
Evaluate -83 + 36 - -47 - 25.
-25
84 + -93 - ((6 - 9) + 1) - (-84 - 1)
78
9 + 0 + 11 + (-8 - 16 - -40)
36
What is (-14 - -1) + (424 - (170 + 171))?
70
What is (-8 + -12 - -12 - -12) + -8 + 6 + -1?
1
(-2 - -13) + 1 - (-35 + 24 + 0 + 5)
18
What is 55 - (104 - (82 + -48))?
-15
What is 159 - -1 - (-1337 - -1426)?
71
(256 - 315) + (-12 - -72)
1
116 + (-11 + 6 - (1 - (-1 - -3))) + -6
106
-10 + 1 - 13 - (-3 + (14 - 8))
-25
-14 + 13 + -42 - (7 - (8 - 2) - 9)
-35
What is (-8 - 118) + (1101 - 1078)?
-103
What is -24 - 3 - (-46 + 37 + -19 + 0 - -18)?
-17
Calculate 5 - (74 - (-3 + 6 - (35 - 33)) - 11).
-57
What is 13 + -2 - (87 + (-172 - -71))?
25
Calculate (-2 + (39 - 22) - 4) + 27.
38
What is the value of -26 - (-82 - (0 - 30)) - 5?
21
6 - 15 - (10 + (9 - 29))
1
What is (28 - 47) + (-4 - -44) - (-1 + 129)?
-107
What is the value of 6 + (0 - 4) + (41 - 69 - -33)?
7
What is 8 - (-2 - ((4 - 11) + (6 - 12)))?
-3
What is -5 + 47 + 27 + -47?
22
What is (4 - 1) + (59 - 63) + 8 + -1?
6
-7 + -40 + 375 + -302
26
What is the value of (-7 - (11 + 1 - (184 - 161))) + -1?
3
What is the value of 52 - 5 - (-344 - -374)?
17
Evaluate 2 - 15 - (-107 + 110) - -45.
29
What is the value of (-83 - -97) + (-